luate 20 - (4 + 0 + 12 + -17).
21
What is the value of (-32 - -10) + 8 + 1 + 1?
-12
Evaluate 14 - ((-17 - -15) + 12).
4
Calculate (0 - (-12 - -9)) + 13 - 12.
4
Evaluate -3 + (15 - -1 - (-197 - -199)).
11
Calculate -8 + 1 + (-21 + 26 - -7).
5
5 - (-4 + 2 + -10 + 0)
17
Evaluate (2 - 0) + 4 + -5 - 12.
-11
Calculate 7 + -4 + -5 - (1 + (6 - 7)).
-2
Evaluate (15 - -1) + -18 + 11 + (9 - 8).
10
What is 66 + (6 - 38) - 69?
-35
(-13 - 3) + (54 - 9)
29
Evaluate (36 - 47) + 1 + (-5 - 8) + 0.
-23
What is -4 + (-24 - (-13 + -6))?
-9
What is the value of -2 + -3 + 16 - (1 + 4)?
6
Calculate -95 - -110 - (3 - -16).
-4
What is the value of (-2 - 3) + (-4 + (3 - -12) - 9)?
-3
What is the value of (-48 - -100) + -49 + -29 + 1?
-25
What is the value of 1 + (-6 - (-5 + 1 + 1))?
-2
What is the value of (-4 + 2 - -27) + (-24 - -14 - -5)?
20
Calculate 7 + (-12 - -6) - (-1 + -10 + 39).
-27
14 - (10 - 2) - 11
-5
What is 10 - (-1 - (6 + 2 + 18 + -25))?
12
Calculate -3 + (2 + 16 - (6 - 2)) - 2.
9
Evaluate 11 + -9 + 2 + -8 - 7.
-11
-12 + (35 + -12 + 12 - 3)
20
What is ((-6 - -27) + -15 - (22 + -2)) + 2?
-12
3 - (-12 + -1 - (-46 + 40)) - 5
5
1 - (-8 - -3 - 5)
11
What is the value of (7 - 23) + (-3 + -3 - -5) + -3?
-20
Calculate 1 - -8 - (6 + -18 + 35).
-14
What is the value of -3 + (-31 - -34 - (0 + (-3 - 9)))?
12
Evaluate 34 - 41 - (-18 - 2) - (1 + 4).
8
Calculate 1 + 9 + (-26 - (-42 + 24)).
2
Evaluate (-77 - -77) + (0 - 5 - -3).
-2
-16 - -3 - (-2 + -3 + (4 - 1))
-11
What is (-3 - (-2 + 2) - 0) + (1 - -15)?
13
What is (-7 - 0) + (-121 - -119)?
-9
Evaluate -4 + -1 - (-58 + 53).
0
Calculate (0 + 1 - (-14 + (21 - 4))) + -11.
-13
What is -3 - ((-26 - -30) + (1 - -3) + -9)?
-2
Evaluate -7 - (-21 - (9 - (-1 + 8))).
16
What is the value of -3 + 17 + -1 - 2?
11
-13 + 3 - (-6 + -30)
26
What is the value of (3 - 1) + 0 + (6 - (-3 + -3))?
14
Calculate 2 + 16 - (-1 + 2).
17
What is the value of -2 + (25 - 15) + -21?
-13
Evaluate 15 + 8 + -25 + 3 + -13.
-12
Calculate 13 - (23 - (7 + 4)).
1
-2 + -4 + (15 + -10 - (-1 + -1))
1
Calculate 4 + 0 + (5 + (-11 - -3) - 0).
1
949 + -981 - (-17 - 1)
-14
What is (16 - -1) + -15 + -59 + 56?
-1
7 + -2 + 10 + -19
-4
Calculate 3 - 1 - (-1 + (5 - -2)).
-4
Calculate -2 - (24 + -10 + 5 - 11) - 0.
-10
Evaluate -3 + (3 - 11) - -8 - 2.
-5
Calculate -9 + (-7 - -6) + 11 + -8.
-7
Calculate (-12 - -1) + 2 + -11 + 17 + -8.
-11
Evaluate 1 - (-5 - (2 - 6)) - -3.
5
4 - ((-2 - -9) + -3 + 6 + -7)
1
Evaluate -3 + 11 + -7 + 21 + -15.
7
3 - (4 + 9 + -30) - -1
21
What is the value of (-7 - -2) + (-4 - 13 - (0 + -12))?
-10
What is the value of (34 - 34) + (-3 - (3 + -5) - 5)?
-6
Evaluate -128 + 127 - (-2 + 11).
-10
What is the value of 1 - (-4 + 1) - (-45 + (63 - 32))?
18
Evaluate -42 + -12 + (-1 - -39).
-16
What is the value of ((-9 - 4) + 35 - 39) + 0 + 5?
-12
Evaluate 8 - (6 + -1) - (4 + 6 - 36).
29
What is 1 + -1 + 8 + -14?
-6
Calculate -2 - (9 + -9 + 1) - 4.
-7
Calculate 11 - (11 - (-16 + 7)).
-9
What is the value of (2 - 17) + (2 - -5) - (28 - 3)?
-33
Calculate -3 - -69 - (45 - 10).
31
What is -19 - (-7 + -19 + (-10 - 16))?
33
(-2 - (-8 + 8)) + -14 + (-2 - 4)
-22
What is 20 + (7 - 18) + 12?
21
What is the value of 0 + 1 + 90 + -96 - 0?
-5
Evaluate -162 + 187 + -18 + 2.
9
-10 - (-9 + -3) - 16
-14
What is -3 - (5 + -17 + 33 + -5)?
-19
Calculate 129 + -132 + (4 - -21).
22
Calculate -1 - -3 - -19 - 4.
17
Calculate -2 + (-39 - 8) + 37.
-12
What is (10 - (-12 + 12 - -3)) + -17?
-10
Calculate 1 + -1 + -2 + -2 + 11.
7
(4961 - 4938) + (-2 - -1 - (-7 - 1))
30
What is 90 + -155 + 60 + (0 - -12)?
7
Evaluate (2 - 5) + (-58 - -79).
18
What is 15 - (15 - (5 + -2))?
3
What is 8 + (-3 - -1) + -1 + (-25 - -32)?
12
What is 17 - 16 - -44 - 23?
22
What is 1 + 5 - (0 - (7 - 2) - -9)?
2
What is the value of (-1 + -1 - 1) + (101 - 95)?
3
(5 + -9 - (-40 + 33)) + 1 + 0
4
Evaluate 111 + -106 + (-8 + 3 + -6 - -2).
-4
What is the value of 32 + -39 - (-15 + -3)?
11
What is 4 + (-16 - (-8 - (-2 - 2)))?
-8
What is the value of 0 + -1 + -15 + 7?
-9
Calculate 13 - ((-2 + 10 - (-4 - -17)) + -2).
20
27 - (-30 - -31 - -8)
18
Calculate (1 - 3) + -12 + -43 + 56.
-1
Calculate (26 - (29 + -12)) + -10.
-1
What is -2 + 32 + (1 - -1) + 63 + -57?
38
(-4 - (-2 - (-8 + 1))) + -8 + 17
0
Calculate 204 - 185 - (-2 - (-6 + 23)).
38
-1 - (-3 + (-3 + 8 - 3))
0
Evaluate (-3 - (2 - 0)) + -46 + 22 + 22.
-7
What is -20 - 0 - (-13 - -27)?
-34
Evaluate 3 + 5 + (-10 - (8 - 14)).
4
Calculate -4 + (-1 - 0) - (-17 + 14).
-2
-3 - -3 - (4 - (-8 + 11)) - -4
3
What is the value of -2 + (-9 + (9 - 18) - 4)?
-24
Calculate 10 + 2 + (-45 - -55) - 3.
19
-1 + -4 + 86 + -66
15
What is 0 + (15 - 20) + -1 + 0 + 6?
0
What is the value of (14 - 1) + -343 + 318?
-12
Evaluate (-2 + -1 + 9 - 20) + 11.
-3
0 + 27 + -41 + 15 + 21 + 0
22
Evaluate -13 + 0 + -2 + 54 + -48 - -4.
-5
Evaluate -2 + -7 + (-6 - -20).
5
What is the value of -4 + (-1 - (8 + -6 + -5)) - -8?
6
-29 - (-2 - 17 - (-102 - -73))
-39
What is the value of (2 - 1 - (-9 - -4)) + 211 + -238?
-21
Evaluate (3 - (-2 - 0 - (102 + -92))) + -9.
6
What is 39 + -19 + -32 + 6?
-6
-62 + -37 + 64 + (9 - -2)
-24
Evaluate 25 - (-6 + 9 + (3 - 4)).
23
What is the value of 0 + (5 - 1) + (-8 - -3)?
-1
What is 4 + (-5 - -8 - -4) + -3?
8
What is the value of -9 + -1 + (-5 + -2 - -24)?
7
Calculate 14 + -9 + (-4 - -4) - 7.
-2
-4 + (-1 - 3) + (6 - 3)
-5
Calculate -46 - (-14 + -1 + -11).
-20
What is (-23 - (6 + -9 + -4)) + 5 + 1?
-10
-12 + 12 - (-7 + -1 + -1 + 2)
7
What is the value of (-7 - (-2 + -12)) + 4 - -1?
12
What is the value of 10 + (-12 - (-12 - -20)) - -44?
34
Evaluate 10 + -1 + (9 + -15 + 11 - -5).
19
Evaluate (-3 - 32) + 46 - 33.
-22
Evaluate (12 - (-1 + 2)) + -11.
0
Calculate 55 + -49 + 2 + (-17 - -1) + 24.
16
Calculate -48 - (-36 - (-19 + 10)).
-21
Evaluate -183 - -202 - (-13 - -1).
31
What is the value of (5 - (7 + (-13 - -9))) + 6 - 5?
3
Evaluate -63 + (78 - 16) + -6 + -1.
-8
Calculate -7 + (6 - -3) + 8 + 2.
12
What is the value of (2 - (21 - 1)) + (1247 - 1249)?
-20
What is (-1 - 32) + 2 + -5 + -12 + 25?
-23
What is (9 + -11 - -14) + -3 - -8?
17
What is 11 + -4 + (-21 - -33)?
19
Evaluate (-5 - (2 - 3)) + (-3 - -4) + 0.
-3
-1 + -1 + -6 + (7 + 2 - 5)
-4
Evaluate 1 + 4 + (1 - 5) - (-1 + -1).
3
Evaluate (21 - 55) + -2 + 8 + -7.
-35
Calculate -1 + 7 - (45 - 42).
3
What is 1 - (-1 + 1 - -2 - (1 + 5))?
5
What is the value of -18 + 0 + (15 - 10)?
-13
13 - (21 + 0 + -44)
36
4 + 24 + -44 + 12
-4
Evaluate -6 + -4 + (-7 - -15 - 9).
-11
Evaluate (16 - -22) + -15 - 19.
4
Evaluate -45 - (-4 - 7) - (-13 - (-4 - -1)).
-24
What is (-19 + -4 - -17) + -1?
-7
2 + -2 + 4 + -1 + -4 - -14
13
What is (11 - (-2 + 4) - 22) + 6?
-7
What is the value of (-21 - -13) + (14 - 18)?
-12
Calculate (17 - (13 - -2) - -3) + (-1 - -10).
14
Calculate 5 - (0 + -1) - -2.
8
What is (-17 - -2) + (26 - 17) + 14?
8
What is the value of -1 + -27 + 27 + 29?
28
What is the value of -14 + -6 + 24 - (-23 + 26)?
1
Evaluate 34 + (-3 - -2) + 2 + -7 + -5.
23
What is the value of 17 + 2 - (-20 + 9 - -7)?
23
(-42 - -38) + 9 + -2
3
What is -4 + -35 - (-8 + (-9 - -4 - -3))?
-29
Calculate (-1 - -10 - (-16 - (0 - 27))) + 1.
-1
118 - 87 - (13 + 5 + -5)
18
What is the value of 17 - (0 + 3 - (-12 - -8) - 2)?
12
Calculate 33 - (19 + 13 + -14).
15
Calculate 5 - ((-9 - -21) + 1).
-8
Calculate (-14 - (-21 + 11)) + (-1 - (4 - 0)).
-9
What is the value of -5 - (0 + 2 - (-50 + 59))?
2
Calculate -43 + 51 + (6 - 2) + 1.
13
What is 22 - (6 - 16) - 52?
-20
32 + (-59 - (-9 + -3))
-15
Evaluate (-331 - -323) + 0 + 1.
-7
Calculate (-171 - -194) + 1 + -7.
17
What is the value of 2 - (4 - (11 - 5) - -1 - -9)?
-6
What is the value of -6 - (-1 + -6 + 2) - 4 - 0?
-5
What is -19 - (-17 + (-1 + 8 - 0))?
-9
-19 + (-36 - (-30 + 6))
-31
What is the value of 43 - (24 - -9) - (0 + (0 - 0))?
10
What is the value of 15 + (-17 - -28) + -37?
-11
(6 - 7) + 3 + 3 + -2 + -13
-10
What is the value of (-12 - (-16 - -10)) + -10 + (-1 - -4)?
-13
(6 + 1 - (21 - (-1 + 18))) + -16
-13
Calculate 13 + -23 + (4 + 10 - 7).
-3
What is the value of 66 - (48 - (7 - -2))?
27
Calculate 9 + -5 + 3 + -21 + 6.
-8
What is the value of -8 - (1 - (-14 + 11))?
-12
What is the value of 4 + (24 - (15 + -3)) + -9 + 0?
7
-6 - -3 - (-12 + (4 - -4 - 17))
18
What is -9 + (0 - 0) + -2?
-11
What is -6 + 4 + -5 + 16?